s of (-53884)/(-16) - 10/(-8).
3, 1123
Let h(d) = d**2 + 10*d - 6*d + 7*d**2 + d**3 - 3*d**2. Let y be h(-4). Suppose 5*g = -2*j + 10 + 13, -4*j - 5*g + 71 = y. What are the prime factors of j?
2, 3
Let q = -24 - -29. Suppose -2*v - 258 = -q*v. List the prime factors of v.
2, 43
Suppose -6*a = -11 - 1147. Suppose 3*u + 5*v + 0*v = a, -v + 229 = 4*u. List the prime factors of u.
2, 7
Let w = 2 + -65. Let k = 141 + w. Suppose i = -3*r + 7, 4*r = 5*i - k - 52. List the prime factors of i.
2, 11
Let b(g) = -6*g + 27. Let x be b(7). Let m(s) = -s**3 - 16*s**2 - 19*s + 1. List the prime factors of m(x).
61
Let y(g) = 3*g**2 - g - 1. Let r be y(1). Let f be 4 + (r - 3) + 0. Suppose 3*i + 3*b = 87, 0 = -2*i - 2*i - f*b + 112. List the prime factors of i.
3
Let j(l) = 2*l**3 + 56*l**2 + 37*l + 65. List the prime factors of j(-27).
2, 131
Let u(i) = i**3 - 3*i**2 - 8*i + 3. Let h be u(5). List the prime factors of (h - -29) + 0 + 0.
2, 3, 7
Suppose 26*k - 17 = 9*k. Let b(y) = 182*y - 6. What are the prime factors of b(k)?
2, 11
Suppose 2 = a - 2. Suppose 12 = z - 2*z + 5*w, 0 = -a*z - 4*w + 24. List the prime factors of 0 - (z - 0 - 12).
3
Suppose 5*v - 10 = 5*z, -2*v - 13 - 7 = 4*z. Let y(a) = 2*a**3 + 5*a**2 + 2*a. Let c be y(z). Let u = 79 + c. List the prime factors of u.
23
Suppose 14 = 2*r + 5*r. Suppose 0 = m + g - 120, -r*g - 292 = -4*m + 182. What are the prime factors of m?
7, 17
Let s = 86 + -66. Let d(x) = -x**2 + 23*x - 6. What are the prime factors of d(s)?
2, 3
Suppose 670 = 2*q + 4*m, -2*q + q + 335 = -2*m. List the prime factors of q.
5, 67
Let o be 9*(-1 - (-2 + -1)). Suppose m = 4*k - 132, k - m - 3*m = o. Let c = 56 - k. List the prime factors of c.
2, 11
Let m(y) = -y - 5. Let l be m(-6). Let o be (l - 3) + 5*-2. Let x = o + 26. List the prime factors of x.
2, 7
Let z(d) be the first derivative of d**3/3 + d**2 + 3*d - 6. Let r(y) = y**2 + 8*y + 5. Let k be r(-7). List the prime factors of z(k).
3
Let c(z) = 32*z**2 - 16*z + 11. List the prime factors of c(-4).
587
Suppose 3031 = x - 0*g + 3*g, 6062 = 2*x - g. List the prime factors of x.
7, 433
Let j(o) = 3*o**2 + 9*o + 8. Let i be j(-7). Suppose 15*l = 16*l - i. What are the prime factors of l?
2, 23
Let r(g) = 21*g**2 + 1. Suppose -2 = -0*o - 2*o, 3*z = -2*o + 20. Suppose -3*t + 6*t + 1 = -2*k, 0 = -t + 5*k - z. List the prime factors of r(t).
2, 11
Let z(q) = -2*q - 5 + 6 - 2. List the prime factors of z(-7).
13
Let p = 39 - 39. Suppose p*b + 15*b - 405 = 0. List the prime factors of b.
3
Let x(a) = -a**3 + 2*a**2 - 4*a + 3. Let d be x(1). Suppose 0*p - 4*p = 0. Suppose p = 4*t - d*t - 128. List the prime factors of t.
2
What are the prime factors of (-66 + 64)/((-1)/615)?
2, 3, 5, 41
Suppose 0 = -39*m - 12*m + 137598. What are the prime factors of m?
2, 19, 71
What are the prime factors of ((-2)/12)/(60/(-630360))?
17, 103
Suppose 5*z = 583 - 198. Let u = -23 + z. List the prime factors of u.
2, 3
Let f be 3/7 + 35994/49. Suppose -4*c = -c - f. List the prime factors of c.
5, 7
Let a = -94 - -99. Suppose -u - a = -15. What are the prime factors of u?
2, 5
Suppose -5*b - 52 = 3*d, -d = 2*d - 4*b + 61. Let g = d - -15. What are the prime factors of 54/12 + (-2)/g?
5
Suppose -6*v = -8*v - 34. Let q = 18 + v. Let a(k) = 17*k**2 + 2*k - 1. What are the prime factors of a(q)?
2, 3
Let w(a) = -15*a + 11*a**2 - 2*a**2 + 4*a**2 - 2*a**2 + a**3 + 4. What are the prime factors of w(-12)?
2, 5
Let r(b) = -2*b**3 - 11*b**2 + 7*b + 13. List the prime factors of r(-8).
277
Suppose 0 = -3*o - 2*o - 290. Let p = o - -86. Suppose 0*u + p = 3*h + u, u = -2. What are the prime factors of h?
2, 5
Let t(l) = l**2 - 2*l - 7. Let y be t(4). Let v be y/((-14)/13 - -1). Let p = 7 - v. List the prime factors of p.
2, 5
Let o = -12 + 14. Suppose o*b = -5*p + 4*p + 82, -117 = -p + 5*b. What are the prime factors of p?
2, 23
Let f(a) = a**3 + 7*a**2 - 6*a + 10. Let n(j) = 3*j + 7. Let i be n(-5). Let s be f(i). List the prime factors of 11 + 2/4*s.
2
Suppose 0 = -5*q - 0 + 15. Let i = q - 2. List the prime factors of (2 + 15 - 1)/i.
2
Let c = -99 + 102. Suppose 0 = c*u - 113 - 379. What are the prime factors of u?
2, 41
Let v(m) = 31*m**2 - 6*m - 2. List the prime factors of v(-2).
2, 67
Let x(m) = -m**3 + 2*m**2 - 3*m + 497. List the prime factors of x(0).
7, 71
Let z(b) = 53*b**2 + 17*b + 200. What are the prime factors of z(-9)?
2, 5, 7, 31
Suppose 0 = -14*w - 820 - 804. Let h = w - -121. List the prime factors of h.
5
Let u be (-2)/2*(-1 + 230)*-2. What are the prime factors of -1 + (u/5 - 6/(-15))?
7, 13
Let q = 19 - 17. Let n(c) = 4*c**2 + 3*c - 1. Let h be n(q). Suppose -181 = -4*o - h. List the prime factors of o.
2, 5
Let s(y) = 3*y - 62. Let t be s(21). List the prime factors of 17 - (-2 + t + 3).
3, 5
Suppose 0 = -2*q + 4*r - 12, -r + 0 + 2 = 0. What are the prime factors of (-1 + q - -5)*(78 + -6)?
2, 3
Let i be 86/10 + (-6)/15*-1. Suppose -i*n + 417 = -51. List the prime factors of n.
2, 13
Let h = 811 + 209. What are the prime factors of h?
2, 3, 5, 17
Let c(m) = -125*m + 3. Let v be c(-1). Suppose 7*t - v = 5*t. What are the prime factors of t?
2
Let f be ((-11)/(-11))/(1/3). Suppose w - 9 = -4, -w = u + f. List the prime factors of 1/((-34)/u + -4).
2
Let q = -14 + 22. Suppose -q*h + 6 = -11*h. List the prime factors of (6/15)/(h/(-50)).
2, 5
Suppose 11*g - 10*g = 2. What are the prime factors of 19 + 1 + (2 - g)?
2, 5
What are the prime factors of (-1 - (5 - (-30)/(-9)))*-24?
2
What are the prime factors of ((-4582)/(-4)*-1)/(21/(-42))?
29, 79
Suppose -8461 = -25*g - 1786. What are the prime factors of g?
3, 89
Let j(p) = p. Let v be j(4). Suppose 2*z + d = -9, d = -v*z - 0*d - 21. Let t = z - -19. List the prime factors of t.
13
Suppose c + 2 = 2*v, -4*v = 4*c - 11 - 17. Suppose -c*x + 176 + 36 = 0. Suppose 3*o + 4*q = o + 58, -2*o + q + x = 0. List the prime factors of o.
3
Let b(j) be the third derivative of 3*j**4/8 + j**3/6 + 15*j**2. Let r = 5 - 3. What are the prime factors of b(r)?
19
Let y be 33/7 - 2/(-7). Suppose 3*a - 25 = 5*k, 3*k = -k - y*a - 57. Let c = -2 - k. List the prime factors of c.
2, 3
Let j = -385 - -879. List the prime factors of j.
2, 13, 19
Suppose -2*f - f + 18 = 3*l, 0 = 4*l + 5*f - 27. Suppose -o + 184 = 5*y, -l*y - 4*o = -o - 120. List the prime factors of y.
2, 3
Let h(g) = -g**3 - 2*g**2 - 3*g - 1. Let x be h(-2). Suppose c - 93 + 7 = -x*l, 4*c - 4 = 0. Let y = l + 0. List the prime factors of y.
17
Suppose 2*o + 1222 = 3*d, -3*o = -3*d - 385 + 1612. List the prime factors of d.
2, 101
Suppose -2*q = -3*z - 852, -4*q = -3*z - 578 - 280. What are the prime factors of z/(-26) + (-2)/(-13)?
11
Suppose v = 5*y - 5463, -v = 5*y - 0*y - 5457. List the prime factors of y.
2, 3, 7, 13
Suppose -16*h - 58*h = -396714. What are the prime factors of h?
3, 1787
Suppose 3*u = -5*y - 80, 2*u = -4*y + 6*u - 64. What are the prime factors of (-5262)/y - (1 - (-9)/(-8))?
7, 47
Suppose -j = -0*j - 83. Suppose 4*h = 3*m + j, 2*h - 3*h - 3*m = -17. List the prime factors of h.
2, 5
Let x = -458 - -1178. What are the prime factors of x?
2, 3, 5
What are the prime factors of (-359124)/(-252) - (4 - 246/63)?
3, 5, 19
Suppose 11*x - 4*x - 1386 = 0. What are the prime factors of x?
2, 3, 11
Suppose -m - 2*z = 2*z - 3, 56 = -3*m + z. Let u(g) = -g**2 - 18*g - 11. List the prime factors of u(m).
2, 3
What are the prime factors of 314/10 - ((-81)/(-15) + -6)?
2
List the prime factors of -4*2/(-92) + 616965/115.
5, 29, 37
Let w = 26 + -26. Suppose -o + w*o = -2. List the prime factors of o.
2
Suppose 4*z = -2*a + 9*z + 1756, 3*z = 2*a - 1752. List the prime factors of a.
3, 97
Let o = 701 + -445. Suppose -21*n + 25*n - o = 0. List the prime factors of n.
2
Suppose 5 = -4*m + 77. Let d = 17 - m. What are the prime factors of -2 + d*(-12 + 3)?
7
Suppose -3*x = 5*g - 1145, g - 1935 = -5*x - 2*g. List the prime factors of x.
2, 3, 5, 13
List the prime factors of 430/43 - (-2 - 4609).
4621
What are the prime factors of 11 + (-11 - -4 - -1266)?
2, 5, 127
Let p(j) = -5*j**3 - 3*j**2 - 3*j - 2. Let i be p(-3). Let d be -80 - 8/(-2 + -2). Let b = d + i. List the prime factors of b.
37
Suppose -2*a - 1 = -2*k + 19, 5*a = -3*k + 54. Let v = k - -6. What are the prime factors of v?
19
Suppose 